. Let o(i) = w*r(i) + 4*l(i). Determine o(-5).
-1
Let d be 1/3 - 2/(-3). Let y(p) be the second derivative of 0*p**2 + p - 1/6*p**3 + 1/12*p**4 + 3/20*p**5 + 0. Calculate y(d).
3
Let r(c) = c**3 + 5*c**2 - 6*c - 3. Suppose -2*k - 54 = 7*k. What is r(k)?
-3
Let p(w) be the third derivative of w**4/6 + 2*w**3/3 + w**2. Let t(g) be the first derivative of g**2/2 + g + 8. Let d(q) = -2*p(q) + 9*t(q). What is d(-1)?
0
Let x be 3/18*-2*-12. Let w(q) be the second derivative of q**4/12 - q**3/6 - 3*q**2/2 + 4*q. Determine w(x).
9
Let z(j) = -j**2 + 9*j + 7. Let t be z(10). Let v(c) = -2*c - 1. What is v(t)?
5
Let i(m) = 2*m**2 + 5*m + 4. Let l be i(-2). Let c(b) be the first derivative of l - b + 1/2*b**2. Determine c(0).
-1
Let d(a) = -1 - a + a + 2 - 9*a. Calculate d(-1).
10
Let i(r) = r**3 + 6*r**2 + 6*r - 3. Let n = -21 - -16. Calculate i(n).
-8
Let i(x) = x**2 + 3*x - 1. Suppose -5*q = -3*q + 4. Calculate i(q).
-3
Suppose -z + 5*s + 22 = 0, -4*s + 4 = 20. Let h(q) = 7*q + 1. What is h(z)?
15
Suppose 7*v - 9 = 4*v. Let y(f) = -3*f + 6 - f + v*f - 2. Give y(5).
-1
Let q(w) = w**3 - 3*w + 1. Let t = -8 - -13. Let y = t + -5. Suppose y = 4*g + g - 10. Give q(g).
3
Let k(v) = -7*v**2 + 6*v**2 - 32 + 35. Determine k(3).
-6
Let o(y) = -y**3 - 3*y**2 + 4*y - 4. Let a be 2 - 8 - (2 + -4). Let i be o(a). Let q(c) = 3 - 5*c + 3*c**2 - 4*c**2 + 0*c**2. Give q(i).
7
Let h be 38/9 - (-4)/(-18). Suppose 9 = -2*o - o. Let n(q) = q**2 - 4*q - 2. Let c(t) = -t**2 + 3*t + 2. Let r(d) = o*c(d) - 2*n(d). What is r(h)?
10
Suppose -i - 20 = 4*i, 0 = -2*t - 3*i - 10. Let v(n) = -3*n**2 + n. Calculate v(t).
-2
Let j(m) be the third derivative of -1/6*m**3 - m**2 + 0*m - 5/24*m**4 + 0. Calculate j(-2).
9
Let r(p) = -4*p + 6 + 7 - 12. Give r(1).
-3
Let f(j) = -j**3 + 8*j**2 - 10*j - 11. Let u be f(6). Let o(y) = 4*y**3 - y**2 - y + 1. Give o(u).
3
Let q = -163 - -167. Let g(n) = n**2 - 6*n + 1. Determine g(q).
-7
Suppose 0 = -5*s - 14 + 39. Let a(t) = t - 2*t + s + 0*t. Give a(-5).
10
Let d(r) be the third derivative of r**5/60 - r**4/6 + r**3/2 + 23*r**2. Give d(3).
0
Let o be 1*(0 + (6 - -3)). Suppose 0 = -s + 4*k + o, -3*s - 15 = -2*s + 4*k. Let i(h) = 2*h + 4 - h + 0. Calculate i(s).
1
Suppose -2*y = 2*v - 6, 5*y - 2 = -2*v - 5. Suppose 0*b = 2*b + 4*d, b - v = 4*d. Suppose -i - 18 = b*i. Let a(f) = -f - 4. Calculate a(i).
2
Let t(b) = -8*b + 8. Let k(g) = -g**2. Let r(i) = -k(i) + t(i). Let u(c) = c**3 - 11*c**2 - 13*c + 18. Let p be u(12). What is r(p)?
-4
Let n(c) be the second derivative of -c**6/720 - c**5/120 - 5*c**4/12 - 5*c. Let v(p) be the third derivative of n(p). Determine v(2).
-3
Let n(q) be the third derivative of 0*q + 5/6*q**3 + 1/24*q**4 + 0 + 3*q**2. What is n(6)?
11
Let u(h) = 0 + 6 + 18*h - 7 + 0. Give u(1).
17
Let d = 32 + -26. Let i(n) be the second derivative of n**5/20 - n**4/2 - n**2/2 + 2*n. What is i(d)?
-1
Let w(v) = v + 7. Let r be w(-3). Let k = 7 - r. Let p(z) = z - 4. What is p(k)?
-1
Let x(p) be the second derivative of -p**3/6 + 8*p. Let o(n) = -5*n**3 + n - 1. Let i(v) = o(v) + x(v). Determine i(-1).
4
Let i(o) = o**2 + 7*o + 6. Suppose 0 = 3*s - 8 - 1. Let h be 2 - (1 + -2 + -2 - -3). Let a be (2/s)/(h/(-12)). Calculate i(a).
-6
Let y(m) = m**3 - 5*m - 9. Let b(f) = -f**3 + 6*f + 10. Let w(t) = -4*b(t) - 5*y(t). What is w(0)?
5
Let g(b) = b**2 - b - 1. Let i(p) = 3*p**2 - 2*p - 2. Let n(y) = -8*g(y) + 3*i(y). Let m be (-1 + 2/2)/(-1). Suppose 0 = 3*v - m*v + 6. Give n(v).
2
Let h(k) = -2*k**2 - 1. Suppose -31 = q - 4*i, 0 = -2*i + 9 + 1. Let r = 10 + q. Calculate h(r).
-3
Let x(o) = 2*o**2 - 4*o + 4. Suppose 0 = 2*f - 22 + 16. Determine x(f).
10
Suppose -2 = -2*l + 2. Let x(q) = -5*q + l + 12*q**2 - 11*q**2 - 2*q**2. Determine x(-3).
8
Let z(a) = -a + 6. Let g(v) = 4*v**2 + v + 1. Let i be g(-1). Suppose 9 - i = -w. Determine z(w).
11
Let v(w) = 7*w + 10*w + 11*w - 25*w - 1. Let o = -43 + 71. Suppose 3*s = h - 12, -5*s = -2*h + o - 7. Calculate v(h).
8
Let t(z) = z**2 - 6*z - 10. Let l = -76 + 83. Determine t(l).
-3
Let m(d) = -d. Suppose -3*l - 10 = -3*c - 2*c, 5*c = -l + 30. What is m(c)?
-5
Let s be (-3 + 1)*(2 + 3*-2). Let z(p) = -p**3 + 7*p**2 + 6*p + 6. Determine z(s).
-10
Let m(v) be the first derivative of v**4/4 - 4*v**3/3 - 4*v**2 + 3*v - 1. Suppose 4*o + 5*l + 0*l - 20 = 0, 2*o - 4*l = 10. Calculate m(o).
-12
Suppose -4*j - 32 = 4*u, -14 = u - 2*j + 6*j. Let m(d) = -d**3 - 6*d**2 - d + 1. What is m(u)?
7
Let p = -10 + 14. Let i(q) = -q - 3 - 3*q**2 + q - p*q + 0*q**2. Determine i(-2).
-7
Let a(i) be the third derivative of -i**6/120 + i**5/10 - 5*i**4/24 - i**3 + 12*i**2. Suppose -t - 4*t + 25 = 0. What is a(t)?
-6
Let k(d) be the first derivative of -d**7/840 - d**6/360 + d**4/24 - 4*d**3/3 + 6. Let p(f) be the third derivative of k(f). What is p(0)?
1
Suppose -6*t + 2*t = 20, -25 = b + 4*t. Let u = -5 - b. Let r(h) = 0*h**2 + 5 + u*h**2 - 4 + h + h**2. What is r(-3)?
7
Let r be 3 + (1 - 0) + -3. Suppose -7 = -2*p - r, 4*p = 2*g + 2. Let k(c) = -3*c + 2. Give k(g).
-13
Let g(a) = -29*a**3 + 3 + 4*a**2 - 2 - 6*a**2 + 0*a**2. Give g(1).
-30
Let h(f) = 3*f**2 - 38*f - 14. Let w(r) = -r**2 + 13*r + 5. Let g(v) = -6*h(v) - 17*w(v). Determine g(6).
5
Suppose -h - 10 = -3*h. Let l(t) = t**3 - 5*t**2 + 3*t + 1. Determine l(h).
16
Let q(s) = -3*s**3 + 6*s**2 - 4*s - 4. Let n(z) = 16*z**3 - 30*z**2 + 20*z + 19. Let j(v) = -2*n(v) - 11*q(v). Give j(5).
1
Let y(k) = 1 - k + 2 + k**3 - 2. Let v(h) = 5*h**3 - 4*h**2 - 5*h + 2. Suppose 2*j - 6 = j. Let p(x) = j*y(x) - v(x). Determine p(-4).
8
Let j(n) = n + 1. Suppose -6 = -6*o + 6. Determine j(o).
3
Let o = -18 - -18. Let q(v) = -v**3 - v**2 - v - 7. Determine q(o).
-7
Suppose -2*r = -4*m - 8, -4*m - m = 3*r - 12. Let k(i) = 3*i**2 + m*i**2 - 4*i**2 + 4 + i**3. Suppose 2*d = d. Calculate k(d).
4
Let p(w) = w - 6. Suppose 0*k + 25 = k. Let d be 1 + 0/(-2) + k. Suppose 5*a - 9 = -5*s + d, 6 = 2*a - 2*s. Calculate p(a).
-1
Let v be ((-27)/(-12) - 1)*-4. Let k(g) = -5*g + 1 + g**2 + 6*g - 3 + 3*g. Calculate k(v).
3
Let d(w) be the first derivative of 1 + 5/3*w**3 - 1/4*w**4 - 1/2*w**2 + 0*w. Let u = -136 - -141. Give d(u).
-5
Suppose -g - 5 = v, -2*g - 20 = -6*g + 4*v. Suppose -2*f = -g*f - 16. Suppose -5*p + f = -7. Let a(l) = -l**3 + 2*l**2 + 2*l - 4. What is a(p)?
-7
Let p(h) = -3*h**2 + 4*h - 3. Let b be 198/30 - 3 - 3/5. Calculate p(b).
-18
Suppose 3*d - 7*j + 2*j = -20, 3*d - 8 = -2*j. Let l(w) = -11*w - 39. Let c(b) = 4*b + 13. Let a(t) = -8*c(t) - 3*l(t). Determine a(d).
13
Suppose 2*t + 4 = 2. Let n(v) = 8*v**2 - 4*v + 1. Let p(u) = -7*u**2 + 3*u - 1. Suppose -3*d - 23 = -8. Let j(x) = d*p(x) - 4*n(x). Calculate j(t).
3
Let x(u) = -427*u**3 + u**2 + 429*u**3 - 2*u**2. What is x(2)?
12
Let v(s) = -s**3 + 9*s**2 - 8*s - 2. Let o be (2 - -4) + -1 - (-3 + 0). Determine v(o).
-2
Let a(v) = -6*v**3 - 8*v**2 + 4*v - 8. Let y(o) = 5*o**3 + 7*o**2 - 4*o + 7. Let z(d) = 4*a(d) + 5*y(d). Let x = -14 + 10. Calculate z(x).
3
Let u(d) = -18*d + 8. Let g(f) = 17*f - 7. Let l(j) = 7*g(j) + 6*u(j). Determine l(2).
21
Let r(y) = y**2 - 2*y + 1. Let o be 1 + -1 + 1 + -2. Suppose 5*g + 3*q - 3 = 0, -q = -0*q + 4. Let w = o + g. Calculate r(w).
1
Let o(s) = s**3 - 4*s**2 - 6*s - 2. Let i be 8/(2 - -2) + 0 + 3. Give o(i).
-7
Let d(i) = 5*i**3 + 5*i**2 - 5*i**3 + i + i**3 + 0*i**2. Give d(-5).
-5
Let b(z) = z**2 - z + 7. Suppose 4*g - 2*c + 8 = 0, 7*c - 4*c = -5*g + 12. Give b(g).
7
Let r(z) = -4*z**3 + z**2 + z + 1. Let c = 1 + 7. Suppose 2*d = -4*l - 10, 4*l - d - c = 3*d. Calculate r(l).
5
Let g(a) = a**2 - 7*a + 8. Suppose -m + 7 - 1 = 0. Give g(m).
2
Let r(q) be the second derivative of -q**6/120 - q**5/20 - q**4/24 - q**3/3 - q**2 + 3*q. Let y(z) be the first derivative of r(z). What is y(-3)?
1
Let m = 13 - 8. Let x(v) = v**3 - 4*v**2 + 2*v + 1. Let t be x(4). Let w(i) = -3*i + t*i - 5 - i**2 + i. Determine w(m).
5
Suppose -3*t = -9, -c = -0*t - 2*t + 4. Let d(a) = -c - 2*a + 3 + 0 + a. Let v = -7 + 4. Give d(v).
4
Let r(c) = 6*c + 1. Suppose 0 = 4*s + y + y - 24, 2*y = -3*s + 20. Suppose 4*t - l = l, s*t + l - 6 = 0. What is r(t)?
7
Let o(a) = a + 4. Let n = -2 + -4. Calculate o(n).
-2
Let m(d) = -12*d**3 + 8*d**3 + 1 + d**2 + 5*d**3 + d. Calculate m(0).
1
Let l(m) = 2*m - 8*m**2 + 4*m**2